 divisor of 2484 and 171?
9
What is the highest common factor of 56 and 125951?
7
Calculate the greatest common factor of 219420 and 45.
45
Calculate the highest common factor of 96642 and 39884.
1534
What is the greatest common factor of 9749041 and 17?
17
Calculate the greatest common factor of 918 and 96849.
459
Calculate the highest common factor of 41344 and 544.
544
Calculate the highest common factor of 11877 and 703.
37
What is the highest common factor of 9141 and 23265?
33
What is the highest common factor of 132 and 3612?
12
Calculate the greatest common factor of 12969 and 99.
99
Calculate the greatest common divisor of 45756 and 1488.
372
Calculate the greatest common factor of 2772 and 2011086.
1386
What is the highest common divisor of 240 and 311360?
80
What is the highest common divisor of 3690 and 25170?
30
Calculate the greatest common divisor of 174628 and 2384.
596
Calculate the highest common divisor of 360 and 2354640.
120
Calculate the highest common divisor of 844398 and 8208.
1026
Calculate the greatest common divisor of 1840 and 1045.
5
What is the greatest common factor of 15 and 33072?
3
Calculate the highest common divisor of 5608 and 44.
4
Calculate the highest common divisor of 10725 and 1560.
195
What is the greatest common divisor of 4104 and 1729?
19
Calculate the greatest common factor of 13374 and 36702.
18
Calculate the highest common divisor of 7815 and 21.
3
What is the greatest common divisor of 1077 and 24412?
359
What is the greatest common factor of 1216 and 4998976?
1216
What is the greatest common factor of 682 and 1101089?
341
Calculate the greatest common divisor of 70 and 756.
14
Calculate the highest common factor of 683994 and 522.
174
What is the highest common divisor of 34576896 and 16?
16
What is the greatest common divisor of 213669 and 216?
9
What is the greatest common divisor of 33275 and 825?
275
Calculate the highest common divisor of 1804 and 6642.
82
Calculate the greatest common divisor of 8296 and 408.
136
What is the greatest common factor of 757557 and 738?
369
Calculate the highest common divisor of 58710 and 36195.
285
Calculate the highest common factor of 6 and 1641.
3
What is the highest common divisor of 657786 and 1998?
222
Calculate the greatest common divisor of 41356 and 1519.
49
What is the highest common divisor of 59255 and 875?
35
Calculate the highest common factor of 3875 and 837.
31
What is the greatest common divisor of 513097 and 208?
13
Calculate the greatest common factor of 1284 and 376.
4
Calculate the greatest common factor of 3432 and 1326.
78
Calculate the highest common factor of 56 and 135352.
56
Calculate the greatest common factor of 1379514 and 114.
114
What is the greatest common divisor of 33594 and 1639?
11
Calculate the greatest common factor of 35681 and 186462.
1151
Calculate the highest common factor of 75 and 25665.
15
What is the greatest common divisor of 328196 and 176?
44
Calculate the highest common factor of 434239 and 26.
13
What is the highest common divisor of 29240 and 19780?
860
What is the highest common divisor of 1630 and 23069390?
1630
Calculate the greatest common factor of 2317167 and 405.
81
What is the highest common divisor of 640128 and 128?
128
Calculate the highest common factor of 11557 and 254.
127
What is the greatest common divisor of 1517 and 1312?
41
Calculate the greatest common divisor of 86 and 203476.
86
What is the highest common factor of 4574 and 5?
1
Calculate the greatest common factor of 338668 and 860.
172
What is the highest common factor of 155526 and 1518?
138
What is the greatest common factor of 33 and 316437?
33
Calculate the greatest common divisor of 783 and 162516.
87
Calculate the highest common factor of 117 and 6409.
13
Calculate the greatest common factor of 695 and 40032.
139
What is the greatest common divisor of 497 and 33441?
71
Calculate the greatest common factor of 12480 and 200.
40
What is the highest common factor of 1764 and 23079?
147
Calculate the highest common divisor of 26 and 82.
2
Calculate the highest common divisor of 2464 and 134752.
32
Calculate the highest common divisor of 10 and 169285.
5
Calculate the greatest common divisor of 680 and 1280.
40
What is the greatest common factor of 657 and 3139?
73
What is the highest common divisor of 15 and 26590?
5
Calculate the highest common factor of 663847 and 701.
701
What is the highest common divisor of 34 and 13124?
34
Calculate the highest common divisor of 253548 and 144.
36
Calculate the greatest common factor of 849 and 1.
1
Calculate the highest common divisor of 164016 and 136.
136
What is the greatest common factor of 25556 and 4?
4
Calculate the highest common factor of 59292 and 27084.
732
Calculate the greatest common factor of 1950257 and 1.
1
Calculate the highest common divisor of 1242 and 12150.
54
What is the highest common divisor of 100435 and 23119?
379
Calculate the highest common divisor of 11788 and 154.
14
What is the highest common factor of 81 and 5211?
27
What is the highest common factor of 2604 and 318122?
434
What is the greatest common factor of 237 and 771751?
79
Calculate the greatest common divisor of 162 and 1741482.
18
What is the greatest common factor of 253927 and 1084?
271
Calculate the greatest common divisor of 317 and 79250.
317
What is the greatest common factor of 144 and 4236?
12
Calculate the greatest common factor of 16 and 6188432.
16
What is the highest common divisor of 91 and 3801?
7
What is the highest common factor of 20215 and 15?
5
Calculate the greatest common factor of 33522 and 6438.
222
Calculate the highest common factor of 21 and 29042.
1
Calculate the greatest common factor of 252192 and 666.
222
What is the highest common factor of 2794384 and 16?
16
Calculate the greatest common factor of 3717 and 3969.
63
What is the highest common factor of 38612 and 784?
196
What is the highest common factor of 3275372 and 568?
284
What is the greatest common factor of 551068 and 42?
14
What is the highest common factor of 4 and 361030?
2
What is the highest common divisor of 9853 and 33567?
167
What is the highest common factor of 162871 and 2168?
271
What is the greatest common divisor of 1890 and 700?
70
Calculate the greatest common divisor of 60 and 238320.
60
What is the greatest common divisor of 17600 and 308?
44
What is the highest common factor of 1068466 and 42?
14
Calculate the highest common divisor of 9552 and 4548.
12
What is the greatest common factor of 2323 and 437?
23
What is the highest common divisor of 1017 and 2499447?
339
What is the greatest common divisor of 120585 and 15?
15
What is the greatest common divisor of 359 and 19?
1
What is the greatest common factor of 622238 and 11824?
1478
What is the highest common divisor of 5425200 and 2400?
1200
Calculate the highest common divisor of 500632 and 176.
88
What is the highest common divisor of 75755 and 56295?
695
What is the highest common factor of 441 and 229712?
49
What is the highest common divisor of 29028 and 24?
12
Calculate the highest common factor of 4245 and 40575.
15
Calculate the greatest common divisor of 4347 and 32256.
63
Calculate the greatest common divisor of 3 and 481521.
3
Calculate the highest common divisor of 16562 and 1352.
338
Calculate the highest common divisor of 11523 and 55778.
167
What is the greatest common divisor of 59859 and 3969?
81
Calculate the greatest common divisor of 3136 and 30240.
224
What is the highest common divisor of 2740 and 2240635?
685
Calculate the highest common divisor of 2931811 and 877.
877
What is the highest common factor of 224162 and 2?
2
What is the highest common factor of 524 and 7441717?
131
What is the greatest common factor of 514 and 486758?
514
Calculate the highest common factor of 58879 and 97.
97
What is the highest common divisor of 25 and 235575?
25
Calculate the highest common divisor of 46842 and 67098.
1266
Calculate the highest common factor of 13 and 2623699.
13
What is the highest common factor of 10190 and 2390?
10
Calculate the greatest common divisor of 364 and 11921.
91
What is the highest common divisor of 3051667 and 43?
43
What is the highest common divisor of 2144 and 176?
16
What is the greatest common